-8. Let v(y) = y**2 - 2*y. Let c(n) = 3*n**2 - 7*n + 1. Let j(f) = -2*c(f) + 7*v(f). What is j(d)?
2
Let i(s) = 1030 - 6*s - 2022 + 5*s + 1012. Give i(19).
1
Let b(y) = -11*y**2 - 5*y - 9. Let f(d) = 4*d**3 - 57*d**2 + 12*d + 26. Let m be f(14). What is b(m)?
-43
Let x(c) = -c - 5. Suppose 0 = -2*d - 5*u - 12, 50 = -2*d - 2*d + 3*u. Suppose 3*o + 4*r = 20, -o - 3*r - 14 = -6*o. Let z = d + o. What is x(z)?
2
Let t = -2486/13 - -59677/312. Let l(p) be the third derivative of -1/15*p**5 + 9*p**2 - t*p**4 + 0*p - 1/60*p**6 + 1/3*p**3 + 0. Calculate l(-2).
4
Suppose -3*g + 0*g = 2*g. Suppose g = 3*r + 9 - 39. Suppose 0 = -2*z - 3*p + r - 3, -11 = 5*z - 2*p. Let x(s) = -9*s - 1. What is x(z)?
8
Suppose o = 3*o - 6. Let x(s) = s**2 + 5 - 7 - 2*s + 3 + 6 - 8. What is x(o)?
2
Let r(w) = -36. Let m(n) = 43. Let u(i) = -5*m(i) - 6*r(i). Let g(t) = -3*t**2 + 3. Let p(l) = g(l) - 2*u(l). What is p(2)?
-11
Let j(q) = q**3 + 12*q**2 + 11*q - 10. Suppose -13*z + 129 = -10*z. Suppose -5*o = 3*b + 53, 5*b - 3*o = -0*b - z. Determine j(b).
-10
Suppose 0*t - 2*t = 4*h + 8, -28 = -3*t + 2*h. Let w(y) = -46*y**2 + 5*y - 6. Let m(c) = -55*c**2 + 5*c - 7. Let v(n) = -5*m(n) + 6*w(n). What is v(t)?
-7
Let i = 49 + -45. Suppose -g + 10 - i = -2*v, -4*g + 3*v = 1. Let k(n) be the second derivative of n**4/12 + n**3/6 - 2*n**2 - 3*n. What is k(g)?
8
Let u(l) be the third derivative of -l**6/120 - l**5/12 + 7*l**4/24 + 2*l**3 + 37*l**2. Let z be u(-6). Let o(v) = -z*v + 1 - 8 + 2 + 6. Calculate o(-2).
13
Let n(x) = -x**2 - x + 1. Let d(w) = 5*w - 3. Let h(m) = -d(m) - n(m). Let u(r) = -3*r + 24. Let k be u(9). Let p be 8*(0 + k + (-49)/(-14)). Calculate h(p).
2
Suppose 2737 + 9215 = 83*q. Suppose 3*z + 2*s + s + 426 = 0, 4*s - 419 = 3*z. Let k = z + q. Let a(u) = u**3 - 2*u**2 - 4*u - 1. Determine a(k).
-4
Let t(u) = 3 + 37 - 34 + 6*u - 4. Let b = 3 - 2. Determine t(b).
8
Let r(m) = 31*m - 111. Suppose -5*k = h - 14, -2*k - 61*h + 32 = -65*h. Determine r(k).
13
Let l(o) = -3*o**3 + 24*o**2 + o + 32. Let i(n) = -2*n**3 + 23*n**2 + n + 28. Let c(b) = 4*i(b) - 3*l(b). Give c(-20).
-4
Let v = -92 - -68. Let b be 16/v - 44/(-12). Let t(w) = 2*w**2 - 2*w + 4. What is t(b)?
16
Let d(z) = 10*z - 5. Let g(u) = 787*u - 9 - 389*u - 380*u. Let v(x) = 7*d(x) - 4*g(x). Calculate v(1).
-1
Suppose -7*d - 40 = -15*d. Let a(m) = m**3 - m**2 + m - 1. Let k(z) = z**3 + 4*z**2 - 3*z + 3. Let g(c) = -2*a(c) + k(c). Calculate g(d).
5
Let u(k) = -16 + 133*k + 151*k - 275*k. Calculate u(6).
38
Let f(i) = -3*i**2 + 101*i - 65. Let q be (-1)/((-15)/(-99)*(-6)/30). What is f(q)?
1
Let r(s) = 14*s + 49. Let w(u) = u**3 - 20*u**2 - 149*u + 38. Let v be w(-6). What is r(v)?
-7
Let m be (-25)/((-625)/30)*(-15)/(-3) - 12. Let t(q) = -2*q**2 - 16*q - 38. Calculate t(m).
-14
Suppose c + 2 = 4*a, 6*c - c - 8 = 2*a. Let t(z) = -2*z**c - 2*z**2 - z - z + 3 - 4. Calculate t(-2).
-13
Suppose -18*t + 16 = -22*t. Let p(q) = -q**2 - 6*q - 3. Let x be p(t). Suppose 3*v + 15 = -3*u - 6, x*u = -3*v - 29. Let z(m) = m**2 + 5*m. Calculate z(v).
-6
Let b be (-6)/24 + 72/96. Let p(j) be the second derivative of 1/6*j**3 - b*j**4 - 15*j + 0 + 0*j**2. Calculate p(1).
-5
Let q(y) = 13*y**3 - 40*y**2 - 21*y - 46. Let m(j) = -2*j**3 + 2*j**2 - j - 2. Let g(n) = 6*m(n) + q(n). Give g(29).
0
Let t be 8/(1568/(-42)) + (-129)/(-14). Let z(p) = -p**3 + 7*p**2 + 33*p - 20. What is z(t)?
115
Let h(g) = 2*g - 1. Let l be (7/(-7))/(1 + 4/(-3)). Let d(j) = 10*j - 2. Let x(i) = l*h(i) - d(i). Give x(1).
-5
Let z(d) = 3*d**3 + 90*d**2 - 156*d + 125. Let j(u) = u**3 + 30*u**2 - 53*u + 43. Let f(m) = -10*j(m) + 3*z(m). Give f(-32).
9
Let f(w) = 2*w + 2. Let x(b) = 5*b + 199. Let a be x(-23). Suppose a = -2*p + 74. Determine f(p).
-8
Let d(p) = 6*p**3 - p**2 + 4*p - 4. Let h be d(1). Suppose 0*o + j = -h*o + 13, -o + 4*j = 10. Let r(c) = -2*c**3 + c**2 - 1. What is r(o)?
-13
Let w(o) = 468*o - 7021. Let v be w(15). Let b(p) be the third derivative of -9*p**4/8 - p**3/6 - 7*p**2. Calculate b(v).
26
Let i = 3 - 2. Let j(a) = -24*a + 24*a - 12*a**2 - 852 + 853. Determine j(i).
-11
Let x(o) be the third derivative of o**5/60 + 23*o**4/24 - 8*o**3 - 7*o**2 + 232. What is x(-25)?
2
Suppose 0 = 11*p - 12*p + 5*n + 25, 3*p - 7 = -2*n. Let z(i) = 5*i + 18. Let g(o) = -12*o - 36. Let v(m) = p*z(m) + 2*g(m). Calculate v(-12).
6
Let k(p) = -p + 10. Suppose g - 5*m + 189 - 216 = 0, 0 = -5*m - 15. Calculate k(g).
-2
Suppose -o = 3*i - 14, -12*o + 3*i - 16 = -14*o. Let l(k) = -6*k**2 + k**3 - 6*k + k**o - 40 + 45. Give l(6).
5
Let d(r) be the second derivative of r**3/6 - 3*r**2 + 686*r. Suppose -3*s = 2*s + 2*u + 10, 2*s = -u - 4. Let k be s/(-5) + (-2)/5. Calculate d(k).
-6
Let r(s) = -s**2 + s - 12*s - 2*s + 320 - 368. Let h be r(-5). Let b(j) = j**3 + 0 + 7*j**2 + 4 - 6*j + 6. What is b(h)?
-6
Let h be (15 + -17)*65/(-26). Let p(y) = 2*y**2 - 27*y + 110. Calculate p(h).
25
Let h(a) = -32*a + 993. Let b be h(31). Let v(q) = 95*q - 92. What is v(b)?
3
Suppose 348*q - 21 = 341*q. Let l(f) = 3*f**2 - 5*f - 3. Let o(s) = 4*s**2 - 4*s - 3. Let x(a) = 2*l(a) - 3*o(a). Determine x(q).
-45
Let q(d) be the third derivative of 0*d**3 - 1/40*d**5 + 0 + 1/2*d**4 + 0*d + 1/720*d**6 - 14*d**2. Let f(v) be the second derivative of q(v). Calculate f(5).
2
Let l(f) = f**2 - 5*f - 5. Let o(b) = b + 10. Let x = 125 + -125. Suppose 4*m = -5*k - 5, 2*k - m - 2*m + 25 = x. Let i be o(k). Give l(i).
-5
Let m(s) = -2*s - 8. Suppose -22*n = -3*n - 76. Let q be (-33)/n + 115/92. What is m(q)?
6
Let n(k) be the second derivative of k**7/2520 + 13*k**6/720 - k**5/24 - 7*k**4/12 - 5*k**3/6 + 24*k. Let i(h) be the third derivative of n(h). What is i(-13)?
-5
Let q(y) = y**2 + 4*y - 98. Let f = -20317 - -20305. What is q(f)?
-2
Let v(q) = -46*q**2 + 7*q - 7. Let m(a) = 260*a - 519. Let w be m(2). Determine v(w).
-46
Suppose -2*p + 0*p = -24. Let j(r) = 2*r - 15. Let m(u) = -4*u + 29. Let k(b) = -9*j(b) - 4*m(b). Let a be k(p). Let s(l) = -l**2 - 5*l - 1. What is s(a)?
-1
Let h(q) = 22*q + 429. Let x be h(-19). Suppose 4*b - 5*b = x*b. Let i(s) = s - 7. Calculate i(b).
-7
Let h(w) = -2*w**2 + 7*w - 13. Let g(u) = -3*u**2 + 7*u - 13. Let m(p) = -3*g(p) + 4*h(p). Suppose -4*y - 28 = 4*l - 0*y, -2*y = 4*l + 34. Give m(l).
17
Let f(z) = -7*z**2 + 5. Suppose u - 2 = 2*j, 2*u + 14 = 2*j - 4*j. Let h be f(j). Let c = h - -63. Let k(l) = -l**3 + 4*l**2 + 7*l - 4. Calculate k(c).
6
Let k(c) = -c - 8*c**2 + 8 + 0*c**3 - 2*c**3 + 0*c + 3*c**3. Let l be 9 - -1 - (-31 + 22 + 11). Calculate k(l).
0
Let m(u) = -u + 39. Let b(f) = -31*f - 270. Let a(p) = -b(p) - 7*m(p). Give a(2).
73
Let b(k) be the third derivative of 13*k**4/8 - 19*k**3/6 - 4692*k**2. Calculate b(1).
20
Let q(f) = 14*f**2 - 21*f + 292. Let m(s) = -15*s**2 + 22*s - 311. Let u(v) = 15*m(v) + 16*q(v). Determine u(-6).
7
Let j = -78 - -70. Let v be 0/((-10)/20*j/(-2)). Let i(s) = -4 - 7*s - 5 + 6*s. Calculate i(v).
-9
Let p(j) = 3*j**2 - j + 4. Let b(g) = -3*g**2 + 56*g + 33. Let l(i) = -b(i) - 2*p(i). Calculate l(-17).
10
Let m(f) = f**2 + 41*f - 40. Let g be m(-42). Let z(p) = 215*p**2 - p - 217*p**g - 4 + 0*p + 5. Determine z(2).
-9
Let s(o) = -2 - 21479229*o + 21479231*o + 37*o**2 + 14*o**2. What is s(1)?
51
Let f(y) = -13*y. Let n(t) = 183*t + 9331. Let o be n(-51). Give f(o).
26
Let c = -136043 - -136043. Let v(o) be the second derivative of o**3/6 + 7*o**2 + o. What is v(c)?
14
Let k = -9939 - -9948. Let q(h) = 2*h**2 + 7*h - 2. Let a(n) = 3*n**2 + 14*n - 3. Let j(c) = -3*a(c) + 5*q(c). What is j(k)?
17
Suppose 4*u - 5*j = 297, -10*u + 12*u + j = 145. Let m(h) = 70*h**2 - 3 - u*h**2 + 3. Calculate m(-1).
-3
Let d(g) = -5*g**2 + 46*g + 111. Let n(k) = 21*k**2 - 184*k - 454. Let i(c) = -13*d(c) - 3*n(c). Calculate i(25).
19
Let v(m) = -108 + 25*m - 3*m**2 + 42 + 4*m**2 + 0*m - 3*m**2. Calculate v(3).
-9
Let v(f) = 15*f - 78. Suppose -757*y + 758*y + 4 - 9 = 0. Calculate v(y).
-3
Let u(j) = j**3 - 3*j**2 - 5*j + 2. Let a = 27 - 11. Suppose 2*s - a = -2*z, s = 3*z + 6*s - 20. Suppose -16 = -z*h + 24. What is u(h)?
-2
Suppose 4*t - 4 = 0, -4*p + 4*t + 17 + 3 = 0. Let v(w) = -1 + 10*w - 2*w**3 - 7*w**2 - 5*w + 3*w**3. What is v(p)?
-7
Let f be 34/51*(0 - 3/(-2)). Let m(u) = -u**3 + u**2 + 2. Let z be m(0). Let s(w) = -2 - z + 1